{"id":3,"date":"2023-10-20T05:12:57","date_gmt":"2023-10-20T02:12:57","guid":{"rendered":"https:\/\/angorainternational.com\/?page_id=3"},"modified":"2023-10-20T10:58:43","modified_gmt":"2023-10-20T07:58:43","slug":"gizlilik-politikasi","status":"publish","type":"page","link":"https:\/\/angorainternational.com\/?page_id=3","title":{"rendered":"Gizlilik Politikas\u0131"},"content":{"rendered":"\n<p>\u00a7 5 TMG\u2019ye g\u00f6re<br>HAKKI RUHO\u011eLU<br>(tek mal sahibi)<\/p>\n\n\n\n<p>Hermann K\u00f6hl str 4 89340 leipheim<\/p>\n\n\n\n<p>\u0130leti\u015fim<br>Telefon: +49 15782183966<br>Faks: 90 537 991 5277<br>E-posta: info@angorainternational.com<\/p>\n\n\n\n<p>AB Uyu\u015fmazl\u0131k \u00c7\u00f6z\u00fcm\u00fc<br>Avrupa Komisyonu, \u00e7evrimi\u00e7i anla\u015fmazl\u0131k \u00e7\u00f6z\u00fcm\u00fc (OS) i\u00e7in bir platform sa\u011flar:<br><a href=\"https:\/\/ec.europa.eu\/consumers\/odr\" target=\"_blank\" rel=\"noreferrer noopener\">https:\/\/ec.europa.eu\/consumers\/odr <\/a>.<br>E-posta adresimiz k\u00fcnyede yukar\u0131da bulunabilir.<br>T\u00fcketici anla\u015fmazl\u0131k \u00e7\u00f6z\u00fcm\u00fc\/evrensel tahkim kurulu<br>Herhangi bir anla\u015fmazl\u0131k \u00e7\u00f6z\u00fcm prosed\u00fcr\u00fcne kat\u0131lmaya istekli veya mecbur de\u011filiz<br>t\u00fcketici hakem heyetine kat\u0131lmak.<br>\u0130\u00e7erik i\u00e7in sorumluluk<br>Hizmet sa\u011flay\u0131c\u0131 olarak, B\u00f6l\u00fcm 7 (1) TMG uyar\u0131nca bu sayfalardaki kendi i\u00e7eri\u011fimizden sorumluyuz.<br>genel kanunlardan sorumludur. \u00a7\u00a7 8 ila 10 TMG\u2019ye g\u00f6re biz bir hizmet sa\u011flay\u0131c\u0131 de\u011filiz<br>aktar\u0131lan veya saklanan \u00fc\u00e7\u00fcnc\u00fc taraf bilgilerini veya ko\u015fullara g\u00f6re izlemekle y\u00fck\u00fcml\u00fc<br>yasad\u0131\u015f\u0131 faaliyeti g\u00f6steren ara\u015ft\u0131rma.<\/p>\n\n\n\n<p>2 \/ 4<\/p>\n\n\n\n<p>Genel h\u00fck\u00fcmler kapsam\u0131nda bilgilerin kullan\u0131m\u0131n\u0131 kald\u0131rma veya engelleme y\u00fck\u00fcml\u00fcl\u00fckleri<br>Kanunlar etkilenmeden kal\u0131r. Bununla birlikte, bu konudaki sorumluluk, yaln\u0131zca o andan itibaren ge\u00e7erlidir.<br>Belirli bir ihlal bilgisi m\u00fcmk\u00fcnd\u00fcr. \u0130lgilinin bildirilmesi \u00fczerine<br>Yasa ihlali varsa bu i\u00e7eri\u011fi derhal kald\u0131raca\u011f\u0131z.<br>Ba\u011flant\u0131lar i\u00e7in sorumluluk<br>Teklifimiz, \u00fczerinde hi\u00e7bir etkimizin olmad\u0131\u011f\u0131 harici web sitelerine ba\u011flant\u0131lar i\u00e7ermektedir.<br>Bu nedenle, bu harici i\u00e7erik i\u00e7in herhangi bir sorumluluk kabul edemeyiz. i\u00e7eri\u011fi i\u00e7in<br>ba\u011flant\u0131l\u0131 sayfalar her zaman sayfalar\u0131n ilgili sa\u011flay\u0131c\u0131s\u0131n\u0131n veya operat\u00f6r\u00fcn\u00fcn sorumlulu\u011fundad\u0131r. ba\u011flant\u0131l\u0131 olanlar<br>Sayfalar, ba\u011flant\u0131 s\u0131ras\u0131nda olas\u0131 yasal ihlallere kar\u015f\u0131 kontrol edildi. Yasad\u0131\u015f\u0131 \u0130\u00e7erik<br>ba\u011flant\u0131 s\u0131ras\u0131nda tan\u0131nmaz haldeydi.<br>Bununla birlikte, ba\u011flant\u0131l\u0131 sayfalar\u0131n i\u00e7eri\u011finin kal\u0131c\u0131 kontrol\u00fc, somut g\u00f6stergeler olmadan yap\u0131l\u0131r.<br>Hak ihlali makul de\u011fil. Yasal ihlallerin fark\u0131na var\u0131r varmaz bu t\u00fcr ba\u011flant\u0131lar\u0131 kald\u0131raca\u011f\u0131z.<br>hemen kald\u0131r\u0131n.<br>telif hakk\u0131<br>Site operat\u00f6rleri taraf\u0131ndan olu\u015fturulan bu sayfalardaki i\u00e7erik ve eserler Almanca<br>Telif hakk\u0131. d\u0131\u015f\u0131ndaki \u00e7o\u011faltma, i\u015fleme, da\u011f\u0131t\u0131m ve her t\u00fcrl\u00fc istismar<br>Telif hakk\u0131 s\u0131n\u0131rlar\u0131, ilgili yazar\u0131n veya yarat\u0131c\u0131n\u0131n yaz\u0131l\u0131 onay\u0131n\u0131 gerektirir.<br>Bu sitenin indirilmesine ve kopyalanmas\u0131na yaln\u0131zca ticari olmayan \u00f6zel kullan\u0131m i\u00e7in izin verilir.<br>Bu sitedeki i\u00e7erik operat\u00f6r taraf\u0131ndan olu\u015fturulmad\u0131\u011f\u0131 s\u00fcrece, \u00fc\u00e7\u00fcnc\u00fc \u015fah\u0131slar\u0131n telif haklar\u0131<br>g\u00f6zlemlendi. \u00d6zellikle \u00fc\u00e7\u00fcnc\u00fc \u015fah\u0131slar\u0131n i\u00e7erikleri bu \u015fekilde i\u015faretlenmi\u015ftir. E\u011fer hala birine gidersen<br>Bir telif hakk\u0131 ihlalinden haberdar olursan\u0131z, bizi buna g\u00f6re bilgilendirmenizi rica ederiz. de<br>Yasal ihlallerin fark\u0131na var\u0131r varmaz, bu t\u00fcr i\u00e7erikleri derhal kald\u0131raca\u011f\u0131z.<br>\u015eunlar:<br>https:\/\/www.e-recht24.de<\/p>\n","protected":false},"excerpt":{"rendered":"<p>\u00a7 5 TMG\u2019ye g\u00f6reHAKKI RUHO\u011eLU(tek mal sahibi) Hermann K\u00f6hl str 4 &#8230; <\/p>\n","protected":false},"author":1,"featured_media":0,"parent":0,"menu_order":0,"comment_status":"closed","ping_status":"open","template":"","meta":{"footnotes":""},"yoast_head":"<!-- This site is optimized with the Yoast SEO Premium plugin v21.4 (Yoast SEO v21.4) - https:\/\/yoast.com\/wordpress\/plugins\/seo\/ -->\n<title>Gizlilik Politikas\u0131 - Angora \u0130nternational<\/title>\n<meta name=\"description\" content=\"AngoraInternationalFirmam\u0131z, d\u00fcnyan\u0131n d\u00f6rt bir yan\u0131na ihracat ve ithalat yapmaktad\u0131r.Angora International, uluslararas\u0131 ticaret alan\u0131nda uzmanla\u015fm\u0131\u015f bir ekip taraf\u0131ndan y\u00f6netilmektedir. Ekibimiz, sekt\u00f6rdeki geli\u015fmeleri yak\u0131ndan takip ederek m\u00fc\u015fterilerimize en iyi hizmeti sunmak i\u00e7in \u00e7al\u0131\u015fmaktad\u0131r.Angora International, a\u015fa\u011f\u0131daki hizmetleri sunmaktad\u0131r: \u0130hracat \u0130thalat Lojistik G\u00fcmr\u00fckleme Finansal dan\u0131\u015fmanl\u0131k G\u0131da Ticareti Bakliyat Tah\u0131l De\u011ferli Maden Ya\u011f ve \u015eekerAngora International, m\u00fc\u015fterilerinin uluslararas\u0131 ticaret hedeflerine ula\u015fmas\u0131na yard\u0131mc\u0131 olmak i\u00e7in \u00e7al\u0131\u015fmaktad\u0131r. M\u00fc\u015fterilerimize sundu\u011fumuz hizmetler, onlar\u0131n rekabet g\u00fcc\u00fcn\u00fc art\u0131rmas\u0131na ve yeni pazarlara a\u00e7\u0131lmas\u0131na yard\u0131mc\u0131 olmaktad\u0131r.MisyonumuzM\u00fc\u015fterilerimizin uluslararas\u0131 ticaret hedeflerine ula\u015fmas\u0131na yard\u0131mc\u0131 olmak.VizyonumuzT\u00fcrkiye&#039;nin ve d\u00fcnyan\u0131n lider uluslararas\u0131 ticaret firmas\u0131 olmak.De\u011ferlerimiz M\u00fc\u015fteri odakl\u0131l\u0131k Kalite \u0130\u015f birli\u011fi S\u00fcrd\u00fcr\u00fclebilirlik\u0130leti\u015fim BilgilerimizAdres: Hermann K\u00f6hl str 4 89340 leipheimTelefon:+49 1578 218 3966E-posta: info@angorainternational.comWeb sitesi: [Angora\u0131nternational]\" \/>\n<meta name=\"robots\" content=\"index, follow, max-snippet:-1, max-image-preview:large, max-video-preview:-1\" \/>\n<link rel=\"canonical\" href=\"https:\/\/angorainternational.com\/?page_id=3\" \/>\n<meta property=\"og:locale\" content=\"tr_TR\" \/>\n<meta property=\"og:type\" content=\"article\" \/>\n<meta property=\"og:title\" content=\"Gizlilik Politikas\u0131\" \/>\n<meta property=\"og:description\" content=\"AngoraInternationalFirmam\u0131z, d\u00fcnyan\u0131n d\u00f6rt bir yan\u0131na ihracat ve ithalat yapmaktad\u0131r.Angora International, uluslararas\u0131 ticaret alan\u0131nda uzmanla\u015fm\u0131\u015f bir ekip taraf\u0131ndan y\u00f6netilmektedir. Ekibimiz, sekt\u00f6rdeki geli\u015fmeleri yak\u0131ndan takip ederek m\u00fc\u015fterilerimize en iyi hizmeti sunmak i\u00e7in \u00e7al\u0131\u015fmaktad\u0131r.Angora International, a\u015fa\u011f\u0131daki hizmetleri sunmaktad\u0131r: \u0130hracat \u0130thalat Lojistik G\u00fcmr\u00fckleme Finansal dan\u0131\u015fmanl\u0131k G\u0131da Ticareti Bakliyat Tah\u0131l De\u011ferli Maden Ya\u011f ve \u015eekerAngora International, m\u00fc\u015fterilerinin uluslararas\u0131 ticaret hedeflerine ula\u015fmas\u0131na yard\u0131mc\u0131 olmak i\u00e7in \u00e7al\u0131\u015fmaktad\u0131r. M\u00fc\u015fterilerimize sundu\u011fumuz hizmetler, onlar\u0131n rekabet g\u00fcc\u00fcn\u00fc art\u0131rmas\u0131na ve yeni pazarlara a\u00e7\u0131lmas\u0131na yard\u0131mc\u0131 olmaktad\u0131r.MisyonumuzM\u00fc\u015fterilerimizin uluslararas\u0131 ticaret hedeflerine ula\u015fmas\u0131na yard\u0131mc\u0131 olmak.VizyonumuzT\u00fcrkiye&#039;nin ve d\u00fcnyan\u0131n lider uluslararas\u0131 ticaret firmas\u0131 olmak.De\u011ferlerimiz M\u00fc\u015fteri odakl\u0131l\u0131k Kalite \u0130\u015f birli\u011fi S\u00fcrd\u00fcr\u00fclebilirlik\u0130leti\u015fim BilgilerimizAdres: Hermann K\u00f6hl str 4 89340 leipheimTelefon:+49 1578 218 3966E-posta: info@angorainternational.comWeb sitesi: [Angora\u0131nternational]\" \/>\n<meta property=\"og:url\" content=\"https:\/\/angorainternational.com\/?page_id=3\" \/>\n<meta property=\"og:site_name\" content=\"Angora \u0130nternational\" \/>\n<meta property=\"article:modified_time\" content=\"2023-10-20T07:58:43+00:00\" \/>\n<meta property=\"og:image\" content=\"https:\/\/angorainternational.com\/wp-content\/uploads\/2023\/10\/angora-international-1080-x-1080-piksel.png\" \/>\n\t<meta property=\"og:image:width\" content=\"1080\" \/>\n\t<meta property=\"og:image:height\" content=\"1080\" \/>\n\t<meta property=\"og:image:type\" content=\"image\/png\" \/>\n<meta name=\"twitter:card\" content=\"summary_large_image\" \/>\n<meta name=\"twitter:label1\" content=\"Tahmini okuma s\u00fcresi\" \/>\n\t<meta name=\"twitter:data1\" content=\"2 dakika\" \/>\n<script type=\"application\/ld+json\" class=\"yoast-schema-graph\">{\"@context\":\"https:\/\/schema.org\",\"@graph\":[{\"@type\":\"WebPage\",\"@id\":\"https:\/\/angorainternational.com\/?page_id=3\",\"url\":\"https:\/\/angorainternational.com\/?page_id=3\",\"name\":\"Gizlilik Politikas\u0131 - Angora \u0130nternational\",\"isPartOf\":{\"@id\":\"https:\/\/angorainternational.com\/#website\"},\"datePublished\":\"2023-10-20T02:12:57+00:00\",\"dateModified\":\"2023-10-20T07:58:43+00:00\",\"description\":\"AngoraInternationalFirmam\u0131z, d\u00fcnyan\u0131n d\u00f6rt bir yan\u0131na ihracat ve ithalat yapmaktad\u0131r.Angora International, uluslararas\u0131 ticaret alan\u0131nda uzmanla\u015fm\u0131\u015f bir ekip taraf\u0131ndan y\u00f6netilmektedir. Ekibimiz, sekt\u00f6rdeki geli\u015fmeleri yak\u0131ndan takip ederek m\u00fc\u015fterilerimize en iyi hizmeti sunmak i\u00e7in \u00e7al\u0131\u015fmaktad\u0131r.Angora International, a\u015fa\u011f\u0131daki hizmetleri sunmaktad\u0131r: \u0130hracat \u0130thalat Lojistik G\u00fcmr\u00fckleme Finansal dan\u0131\u015fmanl\u0131k G\u0131da Ticareti Bakliyat Tah\u0131l De\u011ferli Maden Ya\u011f ve \u015eekerAngora International, m\u00fc\u015fterilerinin uluslararas\u0131 ticaret hedeflerine ula\u015fmas\u0131na yard\u0131mc\u0131 olmak i\u00e7in \u00e7al\u0131\u015fmaktad\u0131r. M\u00fc\u015fterilerimize sundu\u011fumuz hizmetler, onlar\u0131n rekabet g\u00fcc\u00fcn\u00fc art\u0131rmas\u0131na ve yeni pazarlara a\u00e7\u0131lmas\u0131na yard\u0131mc\u0131 olmaktad\u0131r.MisyonumuzM\u00fc\u015fterilerimizin uluslararas\u0131 ticaret hedeflerine ula\u015fmas\u0131na yard\u0131mc\u0131 olmak.VizyonumuzT\u00fcrkiye'nin ve d\u00fcnyan\u0131n lider uluslararas\u0131 ticaret firmas\u0131 olmak.De\u011ferlerimiz M\u00fc\u015fteri odakl\u0131l\u0131k Kalite \u0130\u015f birli\u011fi S\u00fcrd\u00fcr\u00fclebilirlik\u0130leti\u015fim BilgilerimizAdres: Hermann K\u00f6hl str 4 89340 leipheimTelefon:+49 1578 218 3966E-posta: info@angorainternational.comWeb sitesi: [Angora\u0131nternational]\",\"breadcrumb\":{\"@id\":\"https:\/\/angorainternational.com\/?page_id=3#breadcrumb\"},\"inLanguage\":\"tr\",\"potentialAction\":[{\"@type\":\"ReadAction\",\"target\":[\"https:\/\/angorainternational.com\/?page_id=3\"]}]},{\"@type\":\"BreadcrumbList\",\"@id\":\"https:\/\/angorainternational.com\/?page_id=3#breadcrumb\",\"itemListElement\":[{\"@type\":\"ListItem\",\"position\":1,\"name\":\"Anasayfa\",\"item\":\"https:\/\/angorainternational.com\/\"},{\"@type\":\"ListItem\",\"position\":2,\"name\":\"Gizlilik Politikas\u0131\"}]},{\"@type\":\"WebSite\",\"@id\":\"https:\/\/angorainternational.com\/#website\",\"url\":\"https:\/\/angorainternational.com\/\",\"name\":\"Angora \u0130nternational\",\"description\":\"S\u00f6z verdi\u011fimiz gibi yapar\u0131z.\",\"publisher\":{\"@id\":\"https:\/\/angorainternational.com\/#organization\"},\"potentialAction\":[{\"@type\":\"SearchAction\",\"target\":{\"@type\":\"EntryPoint\",\"urlTemplate\":\"https:\/\/angorainternational.com\/?s={search_term_string}\"},\"query-input\":\"required name=search_term_string\"}],\"inLanguage\":\"tr\"},{\"@type\":\"Organization\",\"@id\":\"https:\/\/angorainternational.com\/#organization\",\"name\":\"Angora \u0130nternational\",\"url\":\"https:\/\/angorainternational.com\/\",\"logo\":{\"@type\":\"ImageObject\",\"inLanguage\":\"tr\",\"@id\":\"https:\/\/angorainternational.com\/#\/schema\/logo\/image\/\",\"url\":\"https:\/\/angorainternational.com\/wp-content\/uploads\/2023\/10\/cropped-angora-international-1080-x-1080-piksel.png\",\"contentUrl\":\"https:\/\/angorainternational.com\/wp-content\/uploads\/2023\/10\/cropped-angora-international-1080-x-1080-piksel.png\",\"width\":512,\"height\":512,\"caption\":\"Angora \u0130nternational\"},\"image\":{\"@id\":\"https:\/\/angorainternational.com\/#\/schema\/logo\/image\/\"}}]}<\/script>\n<!-- \/ Yoast SEO Premium plugin. -->","yoast_head_json":{"title":"Gizlilik Politikas\u0131 - Angora \u0130nternational","description":"AngoraInternationalFirmam\u0131z, d\u00fcnyan\u0131n d\u00f6rt bir yan\u0131na ihracat ve ithalat yapmaktad\u0131r.Angora International, uluslararas\u0131 ticaret alan\u0131nda uzmanla\u015fm\u0131\u015f bir ekip taraf\u0131ndan y\u00f6netilmektedir. Ekibimiz, sekt\u00f6rdeki geli\u015fmeleri yak\u0131ndan takip ederek m\u00fc\u015fterilerimize en iyi hizmeti sunmak i\u00e7in \u00e7al\u0131\u015fmaktad\u0131r.Angora International, a\u015fa\u011f\u0131daki hizmetleri sunmaktad\u0131r: \u0130hracat \u0130thalat Lojistik G\u00fcmr\u00fckleme Finansal dan\u0131\u015fmanl\u0131k G\u0131da Ticareti Bakliyat Tah\u0131l De\u011ferli Maden Ya\u011f ve \u015eekerAngora International, m\u00fc\u015fterilerinin uluslararas\u0131 ticaret hedeflerine ula\u015fmas\u0131na yard\u0131mc\u0131 olmak i\u00e7in \u00e7al\u0131\u015fmaktad\u0131r. M\u00fc\u015fterilerimize sundu\u011fumuz hizmetler, onlar\u0131n rekabet g\u00fcc\u00fcn\u00fc art\u0131rmas\u0131na ve yeni pazarlara a\u00e7\u0131lmas\u0131na yard\u0131mc\u0131 olmaktad\u0131r.MisyonumuzM\u00fc\u015fterilerimizin uluslararas\u0131 ticaret hedeflerine ula\u015fmas\u0131na yard\u0131mc\u0131 olmak.VizyonumuzT\u00fcrkiye'nin ve d\u00fcnyan\u0131n lider uluslararas\u0131 ticaret firmas\u0131 olmak.De\u011ferlerimiz M\u00fc\u015fteri odakl\u0131l\u0131k Kalite \u0130\u015f birli\u011fi S\u00fcrd\u00fcr\u00fclebilirlik\u0130leti\u015fim BilgilerimizAdres: Hermann K\u00f6hl str 4 89340 leipheimTelefon:+49 1578 218 3966E-posta: info@angorainternational.comWeb sitesi: [Angora\u0131nternational]","robots":{"index":"index","follow":"follow","max-snippet":"max-snippet:-1","max-image-preview":"max-image-preview:large","max-video-preview":"max-video-preview:-1"},"canonical":"https:\/\/angorainternational.com\/?page_id=3","og_locale":"tr_TR","og_type":"article","og_title":"Gizlilik Politikas\u0131","og_description":"AngoraInternationalFirmam\u0131z, d\u00fcnyan\u0131n d\u00f6rt bir yan\u0131na ihracat ve ithalat yapmaktad\u0131r.Angora International, uluslararas\u0131 ticaret alan\u0131nda uzmanla\u015fm\u0131\u015f bir ekip taraf\u0131ndan y\u00f6netilmektedir. Ekibimiz, sekt\u00f6rdeki geli\u015fmeleri yak\u0131ndan takip ederek m\u00fc\u015fterilerimize en iyi hizmeti sunmak i\u00e7in \u00e7al\u0131\u015fmaktad\u0131r.Angora International, a\u015fa\u011f\u0131daki hizmetleri sunmaktad\u0131r: \u0130hracat \u0130thalat Lojistik G\u00fcmr\u00fckleme Finansal dan\u0131\u015fmanl\u0131k G\u0131da Ticareti Bakliyat Tah\u0131l De\u011ferli Maden Ya\u011f ve \u015eekerAngora International, m\u00fc\u015fterilerinin uluslararas\u0131 ticaret hedeflerine ula\u015fmas\u0131na yard\u0131mc\u0131 olmak i\u00e7in \u00e7al\u0131\u015fmaktad\u0131r. M\u00fc\u015fterilerimize sundu\u011fumuz hizmetler, onlar\u0131n rekabet g\u00fcc\u00fcn\u00fc art\u0131rmas\u0131na ve yeni pazarlara a\u00e7\u0131lmas\u0131na yard\u0131mc\u0131 olmaktad\u0131r.MisyonumuzM\u00fc\u015fterilerimizin uluslararas\u0131 ticaret hedeflerine ula\u015fmas\u0131na yard\u0131mc\u0131 olmak.VizyonumuzT\u00fcrkiye'nin ve d\u00fcnyan\u0131n lider uluslararas\u0131 ticaret firmas\u0131 olmak.De\u011ferlerimiz M\u00fc\u015fteri odakl\u0131l\u0131k Kalite \u0130\u015f birli\u011fi S\u00fcrd\u00fcr\u00fclebilirlik\u0130leti\u015fim BilgilerimizAdres: Hermann K\u00f6hl str 4 89340 leipheimTelefon:+49 1578 218 3966E-posta: info@angorainternational.comWeb sitesi: [Angora\u0131nternational]","og_url":"https:\/\/angorainternational.com\/?page_id=3","og_site_name":"Angora \u0130nternational","article_modified_time":"2023-10-20T07:58:43+00:00","og_image":[{"width":1080,"height":1080,"url":"https:\/\/angorainternational.com\/wp-content\/uploads\/2023\/10\/angora-international-1080-x-1080-piksel.png","type":"image\/png"}],"twitter_card":"summary_large_image","twitter_misc":{"Tahmini okuma s\u00fcresi":"2 dakika"},"schema":{"@context":"https:\/\/schema.org","@graph":[{"@type":"WebPage","@id":"https:\/\/angorainternational.com\/?page_id=3","url":"https:\/\/angorainternational.com\/?page_id=3","name":"Gizlilik Politikas\u0131 - Angora \u0130nternational","isPartOf":{"@id":"https:\/\/angorainternational.com\/#website"},"datePublished":"2023-10-20T02:12:57+00:00","dateModified":"2023-10-20T07:58:43+00:00","description":"AngoraInternationalFirmam\u0131z, d\u00fcnyan\u0131n d\u00f6rt bir yan\u0131na ihracat ve ithalat yapmaktad\u0131r.Angora International, uluslararas\u0131 ticaret alan\u0131nda uzmanla\u015fm\u0131\u015f bir ekip taraf\u0131ndan y\u00f6netilmektedir. Ekibimiz, sekt\u00f6rdeki geli\u015fmeleri yak\u0131ndan takip ederek m\u00fc\u015fterilerimize en iyi hizmeti sunmak i\u00e7in \u00e7al\u0131\u015fmaktad\u0131r.Angora International, a\u015fa\u011f\u0131daki hizmetleri sunmaktad\u0131r: \u0130hracat \u0130thalat Lojistik G\u00fcmr\u00fckleme Finansal dan\u0131\u015fmanl\u0131k G\u0131da Ticareti Bakliyat Tah\u0131l De\u011ferli Maden Ya\u011f ve \u015eekerAngora International, m\u00fc\u015fterilerinin uluslararas\u0131 ticaret hedeflerine ula\u015fmas\u0131na yard\u0131mc\u0131 olmak i\u00e7in \u00e7al\u0131\u015fmaktad\u0131r. M\u00fc\u015fterilerimize sundu\u011fumuz hizmetler, onlar\u0131n rekabet g\u00fcc\u00fcn\u00fc art\u0131rmas\u0131na ve yeni pazarlara a\u00e7\u0131lmas\u0131na yard\u0131mc\u0131 olmaktad\u0131r.MisyonumuzM\u00fc\u015fterilerimizin uluslararas\u0131 ticaret hedeflerine ula\u015fmas\u0131na yard\u0131mc\u0131 olmak.VizyonumuzT\u00fcrkiye'nin ve d\u00fcnyan\u0131n lider uluslararas\u0131 ticaret firmas\u0131 olmak.De\u011ferlerimiz M\u00fc\u015fteri odakl\u0131l\u0131k Kalite \u0130\u015f birli\u011fi S\u00fcrd\u00fcr\u00fclebilirlik\u0130leti\u015fim BilgilerimizAdres: Hermann K\u00f6hl str 4 89340 leipheimTelefon:+49 1578 218 3966E-posta: info@angorainternational.comWeb sitesi: [Angora\u0131nternational]","breadcrumb":{"@id":"https:\/\/angorainternational.com\/?page_id=3#breadcrumb"},"inLanguage":"tr","potentialAction":[{"@type":"ReadAction","target":["https:\/\/angorainternational.com\/?page_id=3"]}]},{"@type":"BreadcrumbList","@id":"https:\/\/angorainternational.com\/?page_id=3#breadcrumb","itemListElement":[{"@type":"ListItem","position":1,"name":"Anasayfa","item":"https:\/\/angorainternational.com\/"},{"@type":"ListItem","position":2,"name":"Gizlilik Politikas\u0131"}]},{"@type":"WebSite","@id":"https:\/\/angorainternational.com\/#website","url":"https:\/\/angorainternational.com\/","name":"Angora \u0130nternational","description":"S\u00f6z verdi\u011fimiz gibi yapar\u0131z.","publisher":{"@id":"https:\/\/angorainternational.com\/#organization"},"potentialAction":[{"@type":"SearchAction","target":{"@type":"EntryPoint","urlTemplate":"https:\/\/angorainternational.com\/?s={search_term_string}"},"query-input":"required name=search_term_string"}],"inLanguage":"tr"},{"@type":"Organization","@id":"https:\/\/angorainternational.com\/#organization","name":"Angora \u0130nternational","url":"https:\/\/angorainternational.com\/","logo":{"@type":"ImageObject","inLanguage":"tr","@id":"https:\/\/angorainternational.com\/#\/schema\/logo\/image\/","url":"https:\/\/angorainternational.com\/wp-content\/uploads\/2023\/10\/cropped-angora-international-1080-x-1080-piksel.png","contentUrl":"https:\/\/angorainternational.com\/wp-content\/uploads\/2023\/10\/cropped-angora-international-1080-x-1080-piksel.png","width":512,"height":512,"caption":"Angora \u0130nternational"},"image":{"@id":"https:\/\/angorainternational.com\/#\/schema\/logo\/image\/"}}]}},"_links":{"self":[{"href":"https:\/\/angorainternational.com\/index.php?rest_route=\/wp\/v2\/pages\/3"}],"collection":[{"href":"https:\/\/angorainternational.com\/index.php?rest_route=\/wp\/v2\/pages"}],"about":[{"href":"https:\/\/angorainternational.com\/index.php?rest_route=\/wp\/v2\/types\/page"}],"author":[{"embeddable":true,"href":"https:\/\/angorainternational.com\/index.php?rest_route=\/wp\/v2\/users\/1"}],"replies":[{"embeddable":true,"href":"https:\/\/angorainternational.com\/index.php?rest_route=%2Fwp%2Fv2%2Fcomments&post=3"}],"version-history":[{"count":1,"href":"https:\/\/angorainternational.com\/index.php?rest_route=\/wp\/v2\/pages\/3\/revisions"}],"predecessor-version":[{"id":1336,"href":"https:\/\/angorainternational.com\/index.php?rest_route=\/wp\/v2\/pages\/3\/revisions\/1336"}],"wp:attachment":[{"href":"https:\/\/angorainternational.com\/index.php?rest_route=%2Fwp%2Fv2%2Fmedia&parent=3"}],"curies":[{"name":"wp","href":"https:\/\/api.w.org\/{rel}","templated":true}]}}